 prime factors of 140186452.
2, 7, 715237
What are the prime factors of 201824517?
3, 19, 23, 153947
What are the prime factors of 3358219380?
2, 3, 5, 55970323
What are the prime factors of 14218207?
29, 490283
What are the prime factors of 156180899?
7, 22311557
List the prime factors of 389081789.
2141, 181729
What are the prime factors of 592557951?
3, 149, 1325633
List the prime factors of 145621125.
3, 5, 13, 3319
List the prime factors of 242566808.
2, 11, 2756441
What are the prime factors of 299061138?
2, 3, 49843523
What are the prime factors of 1881808882?
2, 940904441
What are the prime factors of 815637293?
23, 307, 115513
What are the prime factors of 143976462?
2, 3, 7, 31, 110581
List the prime factors of 1107839665.
5, 221567933
What are the prime factors of 171861732?
2, 3, 7, 233, 2927
List the prime factors of 246823863.
3, 11, 13, 499, 1153
List the prime factors of 48640763.
1319, 36877
What are the prime factors of 2107463423?
13, 4999, 32429
What are the prime factors of 1772259975?
3, 5, 281, 28031
List the prime factors of 2266766916.
2, 3, 6703, 28181
List the prime factors of 39841006.
2, 439, 45377
List the prime factors of 1088303418.
2, 3, 73, 276079
List the prime factors of 3327535401.
3, 157, 7064831
List the prime factors of 783571622.
2, 12763, 30697
List the prime factors of 1350516549.
3, 59, 7630037
List the prime factors of 454265016.
2, 3, 617, 30677
What are the prime factors of 1236800575?
5, 17, 149, 19531
List the prime factors of 41280374.
2, 317, 65111
What are the prime factors of 18476687?
47, 393121
What are the prime factors of 27111257?
5003, 5419
What are the prime factors of 127278776?
2, 15909847
What are the prime factors of 6447341622?
2, 3, 31, 227, 311, 491
What are the prime factors of 23640072?
2, 3, 985003
List the prime factors of 146018945.
5, 29203789
List the prime factors of 203780710.
2, 5, 7, 415879
What are the prime factors of 16920943?
13, 103, 12637
List the prime factors of 308798477.
13, 149, 159421
What are the prime factors of 111559992?
2, 3, 4648333
List the prime factors of 102256073.
31, 113, 29191
List the prime factors of 298071690.
2, 3, 5, 7, 1419389
What are the prime factors of 150233377?
7, 3049, 7039
List the prime factors of 67485444.
2, 3, 13, 17, 25447
List the prime factors of 884860341.
3, 8017, 36791
List the prime factors of 140619270.
2, 3, 5, 11, 101, 4219
List the prime factors of 348717927.
3, 23, 5053883
List the prime factors of 698731304.
2, 87341413
List the prime factors of 51167039.
7, 11, 664507
List the prime factors of 36956769.
3, 12318923
List the prime factors of 670928897.
670928897
List the prime factors of 1421750687.
7, 203107241
What are the prime factors of 149554233?
3, 16617137
What are the prime factors of 77893451?
1063, 73277
List the prime factors of 258651879.
3, 31, 2781203
List the prime factors of 113778533.
11, 10343503
List the prime factors of 68144018.
2, 34072009
What are the prime factors of 3720346879?
107, 149, 233353
What are the prime factors of 21562010?
2, 5, 73, 29537
What are the prime factors of 1049768930?
2, 5, 7, 3323, 4513
List the prime factors of 28719395.
5, 5743879
What are the prime factors of 274021953?
3, 91340651
What are the prime factors of 902537392?
2, 19, 1249, 2377
What are the prime factors of 1014256014?
2, 3, 73, 601, 3853
What are the prime factors of 2773348991?
7, 56598959
What are the prime factors of 1349082?
2, 3, 7, 43, 83
List the prime factors of 420534453.
3, 43, 3259957
List the prime factors of 51979958.
2, 107, 293, 829
What are the prime factors of 7427955?
3, 5, 19, 67, 389
List the prime factors of 123941411.
11, 23, 489887
List the prime factors of 3147909543.
3, 83, 4214069
List the prime factors of 191278069.
191278069
List the prime factors of 1822011589.
10771, 169159
What are the prime factors of 142954628?
2, 35738657
What are the prime factors of 22562268?
2, 3, 1880189
What are the prime factors of 36997227?
3, 4110803
List the prime factors of 166884251.
23, 283, 25639
List the prime factors of 300717654.
2, 3, 53, 97, 9749
List the prime factors of 855920737.
7, 1051, 116341
List the prime factors of 51215609.
51215609
List the prime factors of 454051610.
2, 5, 59, 769579
What are the prime factors of 82756130?
2, 5, 8275613
List the prime factors of 391543129.
89, 4399361
What are the prime factors of 8278405?
5, 17, 337
List the prime factors of 54207258.
2, 3, 7, 1290649
List the prime factors of 6633860043.
3, 131, 16880051
List the prime factors of 1920887481.
3, 23, 27838949
List the prime factors of 369590036.
2, 23, 29, 83, 1669
What are the prime factors of 497144096?
2, 691, 22483
List the prime factors of 89039963.
199, 257, 1741
What are the prime factors of 142000311?
3, 509, 92993
What are the prime factors of 507517478?
2, 13, 107, 14033
List the prime factors of 93657189.
3, 31219063
What are the prime factors of 78690884?
2, 1699, 11579
List the prime factors of 333581564.
2, 83395391
What are the prime factors of 557722619?
433, 1288043
What are the prime factors of 17698334?
2, 31, 285457
What are the prime factors of 19710737?
79, 249503
What are the prime factors of 1131233954?
2, 223, 881, 2879
List the prime factors of 6382798046.
2, 443, 7204061
List the prime factors of 7934717952.
2, 3, 7, 97, 317
What are the prime factors of 3725595781?
17, 219152693
List the prime factors of 19790966.
2, 13, 71, 151
What are the prime factors of 203649635?
5, 7, 199, 4177
List the prime factors of 264359286.
2, 3, 23, 27763
What are the prime factors of 124112258?
2, 62056129
What are the prime factors of 162540407?
162540407
List the prime factors of 30326906.
2, 15163453
List the prime factors of 1420207831.
7, 202886833
What are the prime factors of 5287305167?
17, 311017951
List the prime factors of 182271470.
2, 5, 18227147
What are the prime factors of 510574?
2, 29, 8803
What are the prime factors of 131280694?
2, 5419, 12113
List the prime factors of 199167479.
7, 28452497
What are the prime factors of 654565238?
2, 19, 821, 20981
List the prime factors of 21676127.
11, 419, 4703
List the prime factors of 3686191825.
5, 147447673
List the prime factors of 60655592.
2, 17, 31, 14387
What are the prime factors of 39156091?
13, 3012007
What are the prime factors of 2966527567?
5861, 506147
What are the prime factors of 1144553153?
37, 1451, 21319
What are the prime factors of 54283961?
61, 889901
List the prime factors of 24235962.
2, 3, 37, 109171
List the prime factors of 410266777.
410266777
List the prime factors of 847931103.
3, 94214567
List the prime factors of 269955945.
3, 5, 7, 23, 5323
List the prime factors of 5468707434.
2, 3, 29867, 30517
List the prime factors of 101729384.
2, 823, 15451
List the prime factors of 21997717.
7, 71, 6323
List the prime factors of 5848272392.
2, 37, 19757677
List the prime factors of 279961673.
279961673
What are the prime factors of 68528962?
2, 34264481
List the prime factors of 92786631.
3, 7, 29, 151, 1009
List the prime factors of 4104608696.
2, 513076087
What are the prime factors of 2237979652?
2, 31, 307, 58789
List the prime factors of 4506111734.
2, 73, 787, 39217
List the prime factors of 69054699.
3, 7, 3288319
What are the prime factors of 307027268?
2, 59, 1300963
What are the prime factors of 3564940760?
2, 5, 2371, 37589
List the prime factors of 4663483227.
3, 13, 1476253
What are the prime factors of 19221247?
19221247
List the prime factors of 694887072.
2, 3, 11, 31, 21227
List the prime factors of 789557674.
2, 394778837
What are the prime factors of 1044122608?
2, 911, 71633
List the prime factors of 1261063695.
3, 5, 29, 89, 32573
What are the prime factors of 48923790?
2, 3, 5, 17, 95929
What are the prime factors of 1230429235?
5, 7, 73, 481577
What are the prime factors of 89888777?
11, 29, 281783
List the prime factors of 118504498.
2, 7, 29, 151, 1933
What are the prime factors of 1030176198?
2, 3, 43, 443659
List the prime factors of 10665485.
5, 2133097
What are the prime factors of 739681713?
3, 17, 537169
What are the prime factors of 480085353?
3, 11, 107, 15107
What are the prime factors of 140927011?
73, 173, 11159
List the prime factors of 3235395293.
13,